4012331 (base 6) in base 16?
-2e03f
1020121002100 (base 3) to base 5
132130031
Convert 14500303 (base 6) to base 15.
9ebd6
Convert 13302003002 (base 4) to base 11.
1173758
-34200032 (base 5) to base 16
-4a026
What is 365534 (base 8) in base 10?
125788
-1001111111100010 (base 2) to base 6
-513254
What is -2230172 (base 8) in base 7?
-5055533
-223304013 (base 6) to base 4
-33210321021
What is -1460054 (base 7) in base 9?
-333368
-10443 (base 7) to base 11
-1a7a
Convert 467144 (base 10) to base 13.
134822
392842 (base 11) to base 12
259b9a
Convert 20a4ba0 (base 12) to base 9.
12571233
What is -67415 (base 10) in base 2?
-10000011101010111
-45ebd (base 15) to base 13
-7a4a0
Convert 22011220101 (base 3) to base 14.
4298a
Convert a8c07 (base 13) to base 14.
7d337
14015301 (base 6) to base 9
784361
What is 16700122 (base 8) in base 5?
1444240344
What is -33031313 (base 4) in base 14?
-189dd
Convert -30ba16 (base 15) to base 8.
-10656321
What is -54a3b (base 16) in base 2?
-1010100101000111011
Convert 1221202202000 (base 3) to base 14.
1d0724
-208859 (base 13) to base 5
-143332323
Convert 150952 (base 13) to base 8.
1757146
121241423 (base 6) to base 12
933273
-93d9 (base 14) to base 10
-25475
What is 100111001100110110111011 (base 2) in base 8?
47146673
What is 121153661 (base 7) in base 15?
9e4dae
-558bd (base 14) to base 4
-302222233
-188995 (base 12) to base 7
-3440336
Convert -11143431 (base 5) to base 11.
-69038
2302987 (base 10) to base 12
9308b7
11012323302 (base 4) to base 10
1339122
What is -20100121001 (base 3) in base 13?
-44c26
What is 1d53aa (base 16) in base 2?
111010101001110101010
-2012221200021 (base 3) to base 13
-324145
-202321 (base 7) to base 12
-17b3a
-5462346 (base 7) to base 8
-2436032
What is 2351500 (base 6) in base 4?
132021330
What is 110001000001111111010101 (base 2) in base 4?
301001333111
What is 12153646 (base 7) in base 12?
44626a
Convert -12414 (base 9) to base 6.
-102404
Convert -9a7a56 (base 14) to base 16.
-500b7c
What is 249d2 (base 16) in base 6?
3114150
1358233 (base 9) to base 15
eb6cc
What is -5626615 (base 8) in base 6?
-52320205
Convert -1921674 (base 10) to base 11.
-10a2867
Convert -11101111110100001100110 (base 2) to base 8.
-35764146
What is -1bc71 (base 14) in base 11?
-49422
Convert 1110001100110111001000 (base 2) to base 13.
a045a3
154800 (base 9) to base 14
26ab8
What is 669ed (base 16) in base 7?
3400314
Convert 445da (base 15) to base 13.
77bc9
Convert -3420281 (base 13) to base 6.
-1331233152
Convert -5c347 (base 13) to base 4.
-221130013
Convert 1388805 (base 10) to base 15.
1c6770
Convert 1214450 (base 6) to base 12.
31426
Convert 374734 (base 8) to base 16.
1f9dc
What is -331414451 (base 6) in base 2?
-10110101110110001011111
Convert 3108242 (base 11) to base 10.
5486670
Convert -795a7 (base 12) to base 8.
-473417
Convert -798176 (base 12) to base 2.
-111011010001111101010
Convert -13075 (base 11) to base 14.
-6b6c
Convert 114177b (base 14) to base 13.
191cb16
What is -296218 (base 13) in base 4?
-3313112320
What is 22203310 (base 5) in base 13?
6a51b
Convert 12211333 (base 5) to base 7.
663362
What is 1274244 (base 9) in base 6?
22550104
Convert 11010010101111110110101 (base 2) to base 6.
404003113
-23067a (base 11) to base 16
-598f6
What is 72634 (base 13) in base 4?
302021002
Convert -2610330 (base 7) to base 6.
-11132033
Convert 22120223000 (base 4) to base 13.
74425a
112000222211202 (base 3) to base 7
120256343
Convert -54311a (base 11) to base 3.
-1122002121110
What is 46a72 (base 15) in base 8?
667523
51435443 (base 6) to base 9
2708640
What is 2b6b95 (base 13) in base 4?
10011230300
What is 20122211011 (base 3) in base 10?
131089
Convert 180f2 (base 16) to base 12.
49042
What is 160b (base 12) in base 6?
20015
What is 3223337 (base 8) in base 13?
242416
-3961a4 (base 13) to base 14
-280749
Convert 174436 (base 9) to base 6.
2153053
Convert 11300200213 (base 4) to base 16.
170827
Convert -a6a1a (base 15) to base 12.
-216007
-47164 (base 13) to base 9
-217134
What is 334242015 (base 6) in base 16?
5cdf3b
What is 2232302 (base 4) in base 14?
4110
Convert be760d (base 15) to base 8.
42523617
What is 6790b7 (base 13) in base 14?
479db2
10346453 (base 7) to base 9
1600148
20130120120 (base 4) to base 8
10343030
What is -1a02e6 (base 15) in base 9?
-2340020
Convert 826040 (base 9) to base 11.
3050a6
What is -94ce94 (base 15) in base 14?
-d245ba
What is 3111500 (base 7) in base 6?
11553355
What is -800622 (base 13) in base 7?
-34153635
Convert 798b (base 15) to base 6.
315205
What is 7b124a (base 12) in base 2?
111100001011100011010
Convert 4024421221 (base 5) to base 2.
11110101100001010000010
What is 3245243 (base 10) in base 12?
110604b
Convert -535c65 (base 15) to base 13.
-a8c3a1
What is -6c1a24 (base 13) in base 16?
-274847
What is -669d5 (base 15) in base 10?
-326225
What is -5d659 (base 14) in base 11?
-147069
What is -15d8d0 (base 15) in base 8?
-4023102
What is 13450387 (base 10) in base 14?
1b01a5d
10221000000 (base 3) to base 2
10010110111011010
What is 1ca358 (base 14) in base 2?
11111010101101101010
What is 22312022033 (base 4) in base 14?
540275
Convert -bdbc (base 14) to base 10.
-32898
What is 1000201013 (base 4) in base 5?
31424023
-10020221012 (base 3) to base 10
-64103
247adb (base 14) to base 12
503929
Convert 78946 (base 10) to base 13.
29c1a
Convert -12020010000 (base 3) to base 9.
-166100
41c58 (base 13) to base 3
20000121110
Convert 201300 (base 10) to base 4.
301021110
560241 (base 8) to base 10
188577
-4103011 (base 5) to base 2
-10000000111010110
-156042 (base 8) to base 7
-323204
Convert -204240444 (base 5) to base 6.
-30135200
Convert -14336907 (base 10) to base 13.
-2c7c8a0
-30a13a (base 14) to base 12
-6718b4
Convert 1039428 (base 11) to base 6.
103102505
-7688b (base 13) to base 9
-356307
-1421554 (base 7) to base 8
-563542
Convert -2100020212100 (base 3) to base 15.
-198d73
Convert 14025241 (base 7) to base 16.
13d92f
1249715 (base 12) to base 14
693b69
What is 1020061 (base 7) in base 2?
11101111001111110
What is -36b3b74 (base 13) in base 2?
-1000000111101111011110101
Convert 2152321 (base 8) to base 2.
10001101010011010001
What is 54125 (base 9) in base 10?
35825
What is -8a7011 (base 13) in base 12?
-1119183
Convert 293688 (base 11) to base 2.
1101111111110111110
12110332010 (base 4) to base 13
461018
-7ced (base 16) to base 2
-111110011101101
Convert -330663 (base 8) to base 4.
-123012303
What is 5831486 (base 9) in base 12?
107b1a3
Convert -662625 (base 8) to base 11.
-142286
-31487 (base 12) to base 2
-1111110001100111
Convert 8076179 (base 10) to base 15.
a97e1e
What is 1696839 (base 12) in base 15?
625c60
23011332 (base 4) to base 13
178b3
Convert 12351451 (base 6) to base 8.
1423767
What is 10220211212 (base 4) in base 9?
2251372
1110111111000111 (base 2) to base 15
132c3
-3e927 (base 15) to base 7
-1465360
What is -6be5b (base 16) in base 11?
-282050
310022012000 (base 4) to base 15
1301322
-10141020 (base 5) to base 10
-83885
What is -314424 (base 7) in base 16?
-d488
Convert -649323 (base 10) to base 8.
-2364153
What is 994cc (base 14) in base 8?
1325314
What is 85073 (base 15) in base 12?
184253
-11111010101001010110 (base 2) to base 12
-41615a
What is 3241322 (base 5) in base 7?
321535
What is 1a696a6 (base 12) in base 8?
25327236
What is 6b4a4 (base 14) in base 9?
437765
What is 24eaf8 (base 16) in base 3?
11112220212012
Convert 8552c8 (base 13) to base 10.
3124636
What is 118876 (base 12) in base 3?
112110110000
What is -3505460 (base 7) in base 13?
-124a33
Convert -66505 (base 12) to base 13.
-498aa
Convert -221342 (base 10) to base 6.
-4424422
267a32 (base 16) to base 15
34c250
What is 1597a4 (base 13) in base 2?
10000010101010010100
Convert -167620 (base 12) to base 11.
-244200
4220202 (base 6) to base 8
620052
Convert 11e9e3 (base 15) to base 7.
10206540
Convert -173883 (base 10) to base 7.
-1322643
Convert 120201 (base 10) to base 7.
1010304
10b4ad (base 14) to base 2
10001010111001110001
What is -290870 (base 13) in base 2?
-11110100011001110110
25906 (base 15) to base 10
120156
Convert -1233032023 (base 4) to base 16.
-6f38b
Convert -1b905 (base 14) to base 3.
-10120112021
What is 1120222210122 (base 3) in base 11?
528865
Convert 1